digit of d?
2
Suppose 2*o = -0*o - 4. Let s = 30 + o. What is the tens digit of s?
2
Suppose -129 - 11 = -5*f. What is the tens digit of f?
2
Suppose 0*f + 2*f = -4*n - 26, -5*f + 4*n = -5. Let c be f/9 - (-20)/6. What is the units digit of (-1 + 5/c)*9?
6
What is the tens digit of (-446)/(-18) - 6/(-27)?
2
Let m be (3*1)/((-3)/(-2)). Suppose 0 = -2*a + m*c - c + 24, 0 = -a - 4*c + 3. What is the units digit of a?
1
Let d be -1 + 9 - (11 - 8). Suppose -3*t - d*x + x + 35 = 0, 0 = -t + x. What is the units digit of t?
5
Suppose 3*x + 16 = -2. Let q = x + 4. What is the units digit of 3*q/((-6)/7)?
7
Let o(g) = g**3 + 8*g**2 + 6*g. Let f(h) = h**2 - 5*h - 7. Let x be f(5). What is the units digit of o(x)?
7
Suppose 0 = -7*m + 4*m. Suppose -s - s + 6 = m. Suppose s = j + 1. What is the units digit of j?
2
Let f = 272 - 191. What is the tens digit of f?
8
Let c(x) = x**2 - 6*x + 6. Suppose 0*p + 3 = p. Let s be (p/2 - -1)*2. What is the units digit of c(s)?
1
Let a(o) = o - 7. Let v be a(10). Suppose 0 = v*z + z - 80. What is the units digit of z?
0
Suppose -16*b = -20*b + 288. What is the units digit of b?
2
Let p(u) = -u**2 - 10*u - 5. What is the units digit of p(-8)?
1
Suppose -12 = -4*t - 44. Let s be ((-1)/(-2))/((-2)/t). Suppose -3*y - s*y = -50. What is the tens digit of y?
1
Let y = -190 + 468. What is the hundreds digit of y?
2
Suppose -3*u = -h - 41, -5 = h - 0*h. Let b = u + -4. What is the units digit of b?
8
Suppose -8*s = -5*s - 72. Suppose -3*r + s = -6. What is the units digit of r?
0
Let r(s) = -s**3 - 6*s**2 - s - 1. Suppose n + 5 + 1 = 0. Let t be r(n). Suppose t*z - 15 = -0. What is the units digit of z?
3
Suppose 6*v = v - 5, u - 52 = 3*v. What is the tens digit of u?
4
Let o(x) = x**3 + 6*x**2 + 4*x + 3. Let u be o(-5). Suppose 4*b + b = -50. What is the units digit of u/b*(-25)/2?
0
Suppose -3*o + 2 = -34. Suppose -o = -r - 3*r. What is the units digit of 1 + (1 - 1) + r?
4
Let i(d) = 2*d - 4. Let g be i(3). Suppose -5*r = a - 15, -a + 15 = g*a. What is the units digit of r?
2
Let g be ((-6)/(-9) - 2)*3. Let j = 5 + g. Suppose 3*l - j = 26. What is the units digit of l?
9
Suppose 0*u - 14 = 2*u. Let g(l) be the third derivative of -l**4/8 - 5*l**3/6 - l**2. What is the tens digit of g(u)?
1
What is the tens digit of (-9)/2*(154/(-3))/11?
2
Let p = 87 - 56. What is the tens digit of p?
3
Let b be (-1)/(-4)*2*0. Let p = 2 - -7. Let g = b + p. What is the units digit of g?
9
What is the tens digit of 4472/48 + 3/(-18)?
9
Let i be 1950/(-35) - 2/7. Let q = 82 + i. Suppose 0 = 4*s - q - 10. What is the units digit of s?
9
Suppose -5*x + 4*a - a = -3, -2*a - 7 = -5*x. Let u = -5 - -7. Suppose u*m = -x*m + 30. What is the units digit of m?
6
Suppose -3*q - 3 = -18. Let n be 0 - (-2 + q)/(-1). Suppose n*i + 5*c = 52, 5*i = -5*c + 79 - 9. What is the units digit of i?
9
Suppose a = -4*t + 606, -4*a - 3 + 11 = 0. What is the units digit of t?
1
Let k = -6 - -8. Suppose -z + 14 = 2*h, k*h = -z + 5*z + 34. What is the units digit of h?
9
What is the tens digit of -1*2 + (1 - -30 - 8)?
2
Let u = 87 - 28. Let t(v) = v**3 + 9*v**2 + 13*v + 45. Let k be t(-8). Suppose p - k*p - 3*r + u = 0, p + 3*r - 26 = 0. What is the tens digit of p?
1
Suppose 2 = -4*j - 2, -2*c + j = -31. What is the tens digit of c?
1
What is the tens digit of 59/4 + 5/20?
1
Suppose 0 = -3*r + 20 + 526. What is the units digit of r?
2
Let t be 165*((-21)/(-9) + -2). Suppose -4*r + 25 = -t. What is the units digit of r?
0
Let l be (-3)/6*(0 + -4). Let u(p) be the third derivative of p**4/8 - p**3/3 + 16*p**2. What is the units digit of u(l)?
4
Let k = -652 - -946. What is the units digit of k?
4
Suppose 2*r = 6*r. What is the tens digit of r + (24 - (4 - 3))?
2
Let r be (22/(-4))/((-1)/(-2)). Let p(m) = -m**2 - 7*m - 4. Let v be p(-7). Let t = v - r. What is the units digit of t?
7
What is the units digit of (-4 - -1) + 41 + -3?
5
Suppose 0 = -2*w - 2*a + 200, 5*a - 3*a = 2. What is the units digit of w?
9
Let z(c) be the first derivative of -c**4/4 + 2*c**3 + 9*c**2/2 - 10*c - 1. What is the units digit of z(7)?
4
Let y(b) = b**2 - 6*b - 12. What is the units digit of y(11)?
3
Let k be (-1)/(-1)*2 + 2. Suppose a + 0 - 10 = -3*x, k*x - 8 = 0. What is the units digit of a?
4
Let d = 520 - 290. Suppose -3*c = 23 - d. Suppose -3*x + u = -51, 0 = 2*x - 5*x - 5*u + c. What is the units digit of x?
8
Let s(r) = 49*r - 29. What is the units digit of s(7)?
4
Let m = -55 - -85. Suppose -g - t = -m, -2*g + 42 = -4*t - 0*t. What is the units digit of g?
7
Let s = 105 + -68. What is the tens digit of s?
3
Let z(k) = 5*k**2 + 5*k + 5. Let p(v) be the first derivative of v**4/4 - v**3/3 - v + 1. Let u(j) = p(j) - z(j). What is the units digit of u(7)?
8
Suppose 7 = y + g, -3*g - 1 = 4*y - 26. Suppose 3*a = y*h + 7*a - 32, -5*h = 4*a - 38. What is the units digit of h?
6
Suppose 2*k - 80 = 3*o, 2*k = -2*o + 85 + 15. What is the tens digit of k?
4
Suppose 3*t = 5*i - 39, 2*t + 30 = -0*i + 4*i. Let v = 17 + -9. Let u = v - i. What is the units digit of u?
2
Let y(z) = 11*z**2 + 4*z + 3. What is the units digit of y(-3)?
0
Suppose -21 = -2*f - 5. Suppose -5*c + 28 - f = 0. What is the units digit of c?
4
Suppose 0 = -2*s - 6*m + m - 65, 3*s - 4*m = -155. Let w be (-10)/s - 392/(-18). Suppose 3*g = g + w. What is the tens digit of g?
1
Let u be (-3 + 1)/((-2)/3). Suppose 40 = 4*a - 2*p, a - u = p + 8. What is the units digit of a?
9
Let p(h) = -h**3 + 3*h**2 + h - 2. Let l = 25 - 17. Let d = l - 5. What is the units digit of p(d)?
1
Let l(o) = 8*o - 2. Let v be l(2). Suppose -2 = -4*s + v. Suppose -3 = -f - j, -8 = -4*f + 2*f - s*j. What is the units digit of f?
2
Let j = 114 + -57. What is the tens digit of j?
5
Let w be 41/3 - 1/(-3). Suppose 1 - w = a. Let o = a + 22. What is the units digit of o?
9
Let h(m) = m**3 + 3*m**2 - 3*m + 3. Let r be h(-4). What is the units digit of r*2/(-4)*14?
7
Let v = 92 + 58. What is the hundreds digit of v?
1
What is the units digit of (-1)/(-1 - (-6)/7)?
7
Let r(v) = v**2 + 4*v + 6. What is the tens digit of r(-7)?
2
Suppose -22*b = -25*b + 162. What is the tens digit of b?
5
Let p(s) = -s**3 - s**2 + s + 2. Let h be p(-2). What is the units digit of h/6 + (-165)/(-9)?
9
Let w(k) = -2*k - 9. Suppose 0 = -n - 2*l + 7, -l = 5*n + 2*l. Let t = -3 + n. What is the units digit of w(t)?
3
Suppose 2*t + 7 = 15. Suppose -7 = -t*s - 5*a + 2*a, -2*a + 5 = 3*s. What is the units digit of s?
1
Let m(z) = 8*z**2 - 2*z - 2. Suppose -5*i + 10 = -j - j, 0 = 4*i - 3*j - 8. What is the tens digit of m(i)?
2
Let j(f) be the second derivative of -f**3/6 + 2*f**2 + 2*f. What is the units digit of j(0)?
4
Let n(y) = 1. Let l(i) = i**3 - i**2 + 5. Let p(d) = l(d) - 5*n(d). Let k be p(3). What is the units digit of (-9 + 11)*k/4?
9
Let n be (0/1 - -20)/1. Let k be (-1)/4 - (-5)/n. What is the units digit of 2 + (-1 - -3) - k?
4
Suppose -2*u + 2*h = -14, h - 35 - 3 = -4*u. Let y = u - 9. Suppose 0 = -y*w - 5*w + 25. What is the units digit of w?
5
Let l be (-2 + 2 - 3) + 18. Let a = l - 11. What is the units digit of a?
4
Suppose -2*q - 2*l = -4*q + 62, 5*q - l = 171. What is the units digit of q?
5
Suppose -2018 = -5*z - 613. Suppose z = 5*t - d, 4*t = d + d + 226. Suppose 0 = -f - 0*f + 3*h + 24, 4*f - t = 4*h. What is the units digit of f?
9
Let r be 2/(-4)*(-1 - -1). Let d(a) = 10 - 6*a**2 - 4*a**2 + a - 2*a**3 + 11*a**2 + a**3. What is the tens digit of d(r)?
1
Let l be ((-8)/(-14))/(6/21). Suppose -l*n + 115 = 3*n. What is the units digit of n?
3
Let g(l) = 4*l + 3. Let y be g(3). Let b(k) = k**3 - 8*k**2 - 8*k - 5. Let i be b(9). Suppose -q - i*q = -y. What is the units digit of q?
3
Suppose 5 + 289 = 2*p. What is the units digit of (-5)/(-10) + p/6?
5
Let p(r) = -r**2 + 15*r - 17. Let t be p(13). Suppose -t*d + 44 = -5*d. What is the units digit of d?
1
Let i(k) = 2*k - 12. Let c be i(8). Suppose -68 = -4*l - c*m, -5*l + 58 + 27 = -m. What is the tens digit of l?
1
Suppose 14 - 4 = 2*h. Suppose 26 = 2*w - h*y, -4*y - 31 = -4*w - w. Suppose 4*i - 61 = -0*i + 3*d, -i - w*d + 34 = 0. What is the units digit of i?
9
Let s(l) = -l**3 + 5*l**2 - l + 7. Let h be -5*(2 + -3)/1. What is the units digit of s(h)?
2
Let f(s) = 3*s**2 - 2*s - 2. Let b(p) = -p**2 + p + 1. Let